3 + 6*j**2 - 7*j + 9. Is o(m) prime?
False
Let d be 3 + (0 - 1) + 3. Suppose 4*v + 2*l - l - 7 = 0, -d*v = 3*l. Suppose h - v*h = -28. Is h prime?
False
Let a be 2 + -1 - (2 + 0). Is 112/6 - a/3 a prime number?
True
Let j(i) = -3*i**3 - i**2 + 4*i + 7. Is j(-5) a prime number?
True
Let x(y) = y + 10. Suppose -4*n - 50 = -18. Let k be x(n). Is k/(-8) + (-269)/(-4) composite?
False
Suppose -4*o - 3*u = 2*u - 18, 14 = 5*o + 2*u. Let b be (-2 - -17)/(3/(-14)). Is o/(-1) - (b - -1) composite?
False
Let n(l) = -l**2 + 10. Let j be n(-4). Let a(p) = 9*p**3 + p**2 - 7*p - 21. Let d(z) = 4*z**3 + z**2 - 4*z - 10. Let i(y) = 3*a(y) - 7*d(y). Is i(j) prime?
True
Suppose -8*y - 536 = -2272. Is y composite?
True
Let m be (-3)/(-2) + 1844/8. Suppose -m + 1 = -3*n. Is n prime?
False
Let r(d) = 60*d - 33*d - 4*d**2 - 26*d + 6*d**2 - 1 - 6*d**3. Is r(-2) composite?
False
Let r(c) = 4*c**2 + 3*c + 6. Is r(-4) a composite number?
True
Let f = -236 + 679. Is f a prime number?
True
Let a(l) = 5*l**2 - 3*l + 1. Is a(4) a composite number?
True
Let c(d) = 6*d + 3. Let r be 0 + 1 + (-1 - -1). Suppose -11 + r = -2*z. Is c(z) a prime number?
False
Suppose 3932 - 435 = 3*p - 2*b, b - 3512 = -3*p. Is p a prime number?
False
Let v = -448 + 309. Let o = v - -260. Is o a prime number?
False
Suppose -2*n = -5*k + 27055, -3*k + 15636 + 613 = 2*n. Is k a prime number?
True
Is ((-1807)/(-39))/((-2)/(-6)) a prime number?
True
Suppose 16 = 4*l, 5*l - 2*l + 369 = 3*d. Is d prime?
True
Let v(i) = -116*i**3 - i. Let t be v(2). Is (-1)/2 + t/(-12) composite?
True
Let z(n) = -n**2 - 12*n - 6. Let i be z(-8). Suppose 2*s - i = 8. Let u = -11 + s. Is u composite?
True
Let p be -1 + 5*(0 + 1). Suppose 0*q = -4*q - 4*k + 168, -5*k = p*q - 171. Is q a composite number?
True
Is (-44900)/(-36) - 2/9 - -2 composite?
False
Suppose -3*w = -91 - 38. Let l = -29 + 34. Suppose 2*o - o - 4*r = w, -4*r - 183 = -l*o. Is o a prime number?
False
Let s(y) = -40*y + 4 + 9*y - 10*y. Is s(-3) a composite number?
False
Let w(f) = -f**2 - 7*f - 5. Let c be w(-5). Suppose -4*o + c*o - 57 = 0. Is o prime?
False
Suppose -3*i = -5*i. Suppose i = x + 2*x. Suppose -n + 31 - 10 = x. Is n a prime number?
False
Let d be 391 + 1 + 3/3. Let t = d + -274. Is t composite?
True
Suppose -4*z + 5*s + 667 = 0, 2*z - s + 146 = 475. Is z a prime number?
True
Let p(v) = 21*v + 1. Let w be 20/25*(-10)/(-4). Is p(w) composite?
False
Suppose -v = -4*v + 6. Suppose 15 = -3*y, -3*d + 0*y = v*y - 68. Let z = d - -29. Is z a composite number?
True
Suppose 3*k - 129 = -3*f, 179 = 3*f + 4*k + 49. Suppose 68 = -3*s - 1. Let t = s + f. Is t prime?
True
Let p(r) = 16*r**2 - 14*r - 13. Is p(-12) composite?
False
Let b(t) = 5*t - 1. Let h be b(-2). Let y(a) = -24*a - 5. Is y(h) prime?
False
Is 13348/36 - (-2)/9 prime?
False
Suppose -5*i + 9 = -1. Let x be 0/i + 8/4. Is x/10 - (-102)/15 a prime number?
True
Suppose 6*o - 2280 = o. Suppose 0 = 3*z + z - o. Let k = 161 - z. Is k composite?
False
Let f = 0 - 0. Suppose f = -5*l + 121 + 694. Is l a prime number?
True
Suppose -o = 5*i + 3*o - 1612, 2*i - 4*o - 628 = 0. Suppose -u + 8 = -3*u, u + i = 4*q. Is q composite?
False
Let q(u) = 3*u**3 - u**2 + u + 1. Let g be q(-1). Let o = 4 + g. Suppose -k + 3*d + 7 = 0, -4*k + d + 18 + 10 = o. Is k a composite number?
False
Let q be (-4)/(-6) + (-2)/3. Suppose q = -2*s + 37 + 369. Is s a composite number?
True
Suppose i + 1 - 200 = 0. Is i composite?
False
Let d be 2130/9 + (-2)/(-6). Suppose -i - d = -0*i. Is (i/9)/((-2)/6) composite?
False
Suppose -6*n + 223 = 3*q - n, -2*q - 5*n + 147 = 0. Suppose 2*p - q = -2*p - 4*t, 4*t + 26 = 2*p. Let v = p - 2. Is v a composite number?
True
Let r be (-170)/(-8) + (-2)/8. Suppose -29 - r = 5*t. Is 4/t - 801/(-15) a composite number?
False
Let w(v) = v**3 - 6*v**2 - v - 10. Suppose -26 = -2*g + 4*q, -g + 10 = -4*q - 9. Let n be w(g). Suppose 5*y - 86 = -4*t, -3*t - n = -4*y + 12. Is y composite?
True
Suppose 5*x = 23 + 2, 5*j + 2*x - 50 = 0. Suppose -3*p + 10 = -j*p. Is (-112 - (p - 1))/(-1) prime?
True
Suppose -3*j + 5*j = 1246. Is j prime?
False
Let r = -1155 + 4820. Is r prime?
False
Suppose 2*x + 2 = -12. Let v = x + 40. Is v prime?
False
Let g(s) = 39*s - 5. Let n be g(4). Let d be (7/((-28)/(-12)))/1. Suppose -d*a + 50 = -n. Is a composite?
False
Is (0 - 746)*(0 + (-1)/2) composite?
False
Let w(q) = 9*q - 2. Suppose -3*l - 8 + 23 = 0. Is w(l) prime?
True
Let f(v) = -1. Let b(k) = -38*k + 1. Let m(c) = b(c) + 2*f(c). Is m(-1) prime?
True
Let r be (1/2)/((-4)/8). Let c = r - -3. Is 37 + 1/c*0 prime?
True
Let b(d) = 24*d - 1 - 19*d + 24*d. Let s be b(-1). Is (10/4)/((-3)/s) composite?
True
Let b(a) = -a**2 - 8*a + 3. Let z be b(-8). Is 1119/6 + z/(-2) a prime number?
False
Suppose -3*d + 1280 = -5*d. Let m be (21/(-2))/(15/d). Is m/5 + 15/(-25) a composite number?
False
Let k(p) be the third derivative of p**5/30 + 5*p**4/24 - 2*p**3/3 - 7*p**2. Suppose -2*q + 4 = -2*d, 2*d - q + 9 = -0*d. Is k(d) composite?
False
Let f(z) be the third derivative of 0 + z**2 + 1/120*z**6 + 1/6*z**3 + 0*z - 1/30*z**5 + 1/8*z**4. Is f(3) prime?
True
Suppose -3544 = -7*x - x. Is x prime?
True
Suppose o - 113 = -3*r + 60, -2*o = -4*r + 234. Let d = r + -121. Let j = -32 - d. Is j composite?
False
Suppose -8*n = 1456 - 5240. Is n composite?
True
Let y = 15065 - 9768. Is y a composite number?
False
Let a(x) = -43*x + 35*x - 114*x + 1. Let b be a(-2). Suppose -3*s + 4*k = 2*s - b, -4*s + 222 = 2*k. Is s prime?
True
Let g(y) be the second derivative of y**5/20 + 7*y**4/12 - 7*y**3/6 + 9*y**2/2 + y. Let x be g(7). Suppose x = 4*i + 2*q, 5*i - 2*q - 159 = 4*i. Is i composite?
True
Suppose -210 = 4*h - 3*i + 299, -3*h = -i + 378. Let s = h + 211. Is s a composite number?
True
Let b = 133 + -308. Let j = b + 266. Is j a prime number?
False
Suppose 0 = -5*c - 3*i + 25, i + 2*i + 20 = 4*c. Let l = -2 + 2. Suppose l*y = -3*y - 2*p + 24, c*y = -p + 47. Is y composite?
True
Is 1*226*(-4)/(-8) a composite number?
False
Let x(m) = 3*m - 1. Let z be x(1). Is 76/z + (-2)/2 a prime number?
True
Let c = -17 + 37. Suppose 4*r + 1 = -s + 19, -4*s = 3*r - c. Suppose r*m = -2 + 26. Is m composite?
True
Let p(d) = -d + 2. Let x be (2 + (-1)/2)*-2. Let n be p(x). Suppose -2*j - 9 + 54 = w, n*w = 2*j + 261. Is w a prime number?
False
Let z be (82/(-4))/(5/(-10)). Let l = 0 + -4. Let n = l + z. Is n a composite number?
False
Suppose 836 = 2*j + 58. Is j prime?
True
Suppose -2*q + 254 - 76 = 0. Let k(u) = -u**3 - 2*u**2 + 3*u. Let i be k(-3). Suppose i*w - q = -w. Is w prime?
True
Suppose -3*x + 4 = -2*x. Is -3 + x + -4 - -98 prime?
False
Let g be 2/(-6) - (-2)/(-3). Let n be -4*((-19)/1)/g. Let r = -27 - n. Is r composite?
True
Suppose -2*h + 8 = 2*h. Suppose -2*w = -3*v + 55, 0 = -v - v - h*w + 30. Is (-2 + v - 2)/1 a composite number?
False
Let d(v) = 2*v**3 + v**2 - 6. Is d(5) a composite number?
False
Let q(d) = 63*d**2 + 81*d + 48. Let v(c) = -4*c**2 - 5*c - 3. Let p(n) = -2*q(n) - 33*v(n). Let u be p(-2). Is (-6)/u - (-186)/14 a composite number?
False
Is 2/(-2*(-3)/489) a prime number?
True
Suppose o + 3939 = 5*c, o = c + c - 1578. Is c a composite number?
False
Let x = 779 - 12. Is x composite?
True
Let h = 11 + -8. Suppose -4*x - 3*g = -3331, h*x + 3*g - 1966 = 530. Is x prime?
False
Let k(a) = 4*a**3 - 3*a**2 - a + 5. Is k(4) composite?
True
Suppose 51 = -4*m + m. Suppose a + 3 = 4. Is (-1 - 1)/a - m prime?
False
Let k be (-4857)/(-21) + (-2)/7. Let p = 512 - k. Suppose 4*f + 61 = p. Is f a prime number?
False
Suppose -21 = -4*q - 1. Let y = -7 + q. Is (-104)/(y + 0) - 1 a composite number?
True
Suppose n + 4 = 3. Let a(b) = -21*b**3 - 2*b**2 - b. Let h be a(n). Is ((-15)/h)/((-2)/56) prime?
False
Let d = 49 - -18. Is d prime?
True
Let j(q) = -62*q + 9. Is j(-6) a composite number?
True
Suppose -b - 4*g + 194 = 0, 0 = -4*b + g + 128 + 665. Suppose -2*u + 76 = 2*a, -5*a - b + 1 = -4*u. Is u a composite number?
False
Let b(k) be the second derivative of k**5/20 + 7*k**4/12 - 5*k**3/3 + k**2/2 + 7*k. Is b(-7) composite?
False
Let c be 3 - -2*(-3)/6. Suppose 4*g + 4*s = 40, -4*g - 2*s + c = -40. Is g a composite number?
False
Suppose 0*s = 10*s - 25030. Is s prime?
True
Let u(z) = -2*z**2 + 17*z + 9. Let x(k) = k**2 - 6*k - 3. Let q(d) = 3*u(d) +